, what is 13 - -33344?
33412
In base 2, what is -10110 + -11100101?
-11111011
In base 14, what is 5cc - -3?
5d1
In base 14, what is -181b - 0?
-181b
In base 2, what is 1101001011 - -11?
1101001110
In base 13, what is -9 - 183?
-18c
In base 8, what is -1471 - -44?
-1425
In base 16, what is -1 - d51?
-d52
In base 15, what is 42 - 1?
41
In base 13, what is -370 + 3b?
-332
In base 10, what is -281 + -33?
-314
In base 15, what is 2922 - -2?
2924
In base 3, what is -11 + 2121?
2110
In base 10, what is -25 + 207?
182
In base 9, what is 3 - 3781?
-3777
In base 8, what is 45 - -1?
46
In base 9, what is 104 - 0?
104
In base 13, what is 84 + 57?
10b
In base 6, what is 14 - 335?
-321
In base 5, what is 3 - -2132?
2140
In base 9, what is -625 - 46?
-672
In base 15, what is -68 + -4?
-6c
In base 15, what is -14 - -3a?
26
In base 8, what is 6 - 4?
2
In base 13, what is -2 - 101?
-103
In base 4, what is 321 - -112?
1033
In base 2, what is 10000 + -100011001?
-100001001
In base 4, what is -133 + -1?
-200
In base 3, what is 12 - -1011000?
1011012
In base 12, what is 2 + 4?
6
In base 16, what is -1f0 - -4?
-1ec
In base 3, what is -221112 - -1?
-221111
In base 3, what is 11 + -21122?
-21111
In base 14, what is 4 - 538?
-534
In base 8, what is 22110 + 2?
22112
In base 9, what is 221 - -27?
248
In base 10, what is 68 - 1?
67
In base 15, what is -81 - 4?
-85
In base 10, what is -12 - -29?
17
In base 8, what is 124 - -210?
334
In base 8, what is 1512 + 5?
1517
In base 11, what is -27 + -1?
-28
In base 5, what is -11 - 41310?
-41321
In base 10, what is 15 - 39?
-24
In base 10, what is -297 + -18?
-315
In base 13, what is 4c7 + -1?
4c6
In base 13, what is 2 + 200?
202
In base 13, what is 586 - 2?
584
In base 13, what is -1 + -48?
-49
In base 16, what is -50 + 51?
1
In base 4, what is 2 - -310211?
310213
In base 8, what is -10 - 11?
-21
In base 4, what is 221 - -102?
323
In base 13, what is 5 - -95?
9a
In base 12, what is -1 + -1781?
-1782
In base 7, what is -31 + -31?
-62
In base 5, what is -414 + 22?
-342
In base 9, what is -3 - 531?
-534
In base 11, what is 17 - -3?
1a
In base 8, what is 20 - 24?
-4
In base 8, what is 6 + -173?
-165
In base 8, what is -1502 + 4?
-1476
In base 3, what is -1 + 21102?
21101
In base 8, what is 0 + 6135?
6135
In base 5, what is 3 - 1221?
-1213
In base 12, what is 30 + b?
3b
In base 15, what is 3d2 - 1?
3d1
In base 10, what is -23 + -14?
-37
In base 11, what is -271 - 2?
-273
In base 14, what is 7 - -31?
38
In base 5, what is -310 + -44?
-404
In base 16, what is -3c + 4?
-38
In base 4, what is 1 - -33102?
33103
In base 14, what is 262 + 3?
265
In base 12, what is 155 - -69?
202
In base 2, what is -110 - 1010110110?
-1010111100
In base 9, what is 2 + -7382?
-7380
In base 4, what is -132 + 0?
-132
In base 7, what is 1342 - 15?
1324
In base 14, what is -90 - -2?
-8c
In base 12, what is 259 + 2?
25b
In base 15, what is 52 - -1?
53
In base 4, what is 11123002 + 2?
11123010
In base 15, what is 5 + -72?
-6c
In base 12, what is 52 + -34?
1a
In base 14, what is 2 - 5a?
-58
In base 6, what is 21511 - 3?
21504
In base 15, what is -253 - 4?
-257
In base 14, what is -21bc - -2?
-21ba
In base 3, what is -1210101 - 1?
-1210102
In base 5, what is -1 - 101?
-102
In base 3, what is 0 - -1021120?
1021120
In base 13, what is 223 + -1?
222
In base 14, what is -15 + -78?
-8d
In base 8, what is 51 - 1?
50
In base 13, what is 663 - 1?
662
In base 10, what is -6 - 84?
-90
In base 16, what is -15 - -2?
-13
In base 2, what is 1001011101 - -11?
1001100000
In base 5, what is 114 + 3020?
3134
In base 11, what is -6a9 + -2?
-700
In base 10, what is 3 + 66?
69
In base 5, what is 10 - 402?
-342
In base 8, what is -16733 - -2?
-16731
In base 11, what is 50 - -44?
94
In base 10, what is 2101 - 21?
2080
In base 14, what is 3 + 5dc?
601
In base 10, what is 9145 - 4?
9141
In base 4, what is -3233 - -31?
-3202
In base 14, what is -4 - 480?
-484
In base 6, what is -330 + 1?
-325
In base 15, what is 71 - -10?
81
In base 5, what is 2 + -12000?
-11443
In base 8, what is 13175 - 0?
13175
In base 8, what is 2536 + 10?
2546
In base 12, what is -3a2b + -2?
-3a31
In base 12, what is 18 + -a3?
-87
In base 7, what is 1 + -2662?
-2661
In base 13, what is 2186 - -3?
2189
In base 4, what is -3 + -1110?
-1113
In base 13, what is 4 + -3c?
-38
In base 5, what is 124 + -13?
111
In base 10, what is 0 + -7?
-7
In base 13, what is -5 - -b1?
a9
In base 14, what is 48 - 18?
30
In base 4, what is -11 - -1333?
1322
In base 15, what is -13d + -c?
-14a
In base 12, what is -38 - 0?
-38
In base 10, what is 12 - -302?
314
In base 6, what is 2314 + 23?
2341
In base 8, what is 3 - -32?
35
In base 10, what is -31 + -47?
-78
In base 6, what is 213534 - -1?
213535
In base 16, what is b - 1b?
-10
In base 16, what is -60 - 10?
-70
In base 2, what is -100010110111 + 100?
-100010110011
In base 6, what is 155 - -20?
215
In base 4, what is 11 + -20?
-3
In base 3, what is 2 + 220020?
220022
In base 13, what is -5 - -105?
100
In base 4, what is -120 - -3?
-111
In base 16, what is 1 - -11e?
11f
In base 7, what is -12 + 12?
0
In base 5, what is 13 - -310?
323
In base 14, what is -c - 28?
-36
In base 14, what is -791 - -8?
-787
In base 14, what is -278 + -6?
-280
In base 9, what is -675 - -6?
-668
In base 14, what is -b0 - 18?
-c8
In base 11, what is -1 + -41?
-42
In base 3, what is -2 - 100020?
-100022
In base 9, what is -18 + -15?
-34
In base 2, what is 1001 - -11111?
101000
In base 12, what is -1 + -1a4a?
-1a4b
In base 2, what is -1001 + -10011?
-11100
In base 8, what is 232 - -2?
234
In base 12, what is 5 + 2ab?
2b4
In base 11, what is 294 - 1?
293
In base 9, what is 208 - 4?
204
In base 8, what is -37 + 146?
107
In base 5, what is 3 - -4233?
4241
In base 6, what is 2 + 1350?
1352
In base 14, what is -4 - -10?
a
In base 13, what is 470 + -3?
46a
In base 7, what is 5 + 21?
26
In base 9, what is 2 - 505?
-503
In base 14, what is -4 - -127?
123
In base 9, what is 265 - 4?
261
In base 9, what is 2 - 23?
-21
In base 10, what is -2 + -109?
-111
In base 6, what is -32000 - -5?
-31551
In base 3, what is 2022020 + -12?
2022001
In base 6, what is 10 + 4200?
4210
In base 15, what is 1c - 1?
1b
In base 2, what is 11101100 + -100?
11101000
In base 7, what is 4244 - -21?
4265
In base 15, what is 36 - 0?
36
In base 5, what is 12 + 22?
34
In base 12, what is -94 - -2?
-92
In base 5, what is 3 - -3132?
3140
In base 14, what is -24 - -79?
55
In base 10, what is -57 - 11?
-68
In base 14, what is 345 + 1?
346
In base 9, what is -1 - -116?
115
In base 13, what is -11 - c?
-20
In base 4, what is -1200 + -1?
-1201
In base 13, what is -31 + 22a?
1c9
In base 5, what is 11232 - 0?
11232
In base 12, what is 44 + -30?
14
In base 6, what is -10330 + 25?
-10301
In base 2, what is 10000100111 + -10?
10000100101
In base 5, what is -21412 + 1?
-21411
In base 10, what is -2 + 421?
419
In base 7, what is 42 - -13?
55
In base 6, what is -22353 - -4?
-22345
In base 12, what is -8 - 10?
-18
In base 3, what is 1002100 - -21?
1002121
In base 7, what is 2 + -16?
-14
In base 7, what is 26 + -2?
24
In base 3, what is 12 + -11020?
-11001
In base 7, what is 5 + 1155?
1163
In base 9, what is 82 - -4?
86
In base 8, what is -4 + 246?
242
In base 13, what is -3 + -107?
-10a
In base 4, what is -10 - -110300?
110230
In base 5, what is 30221 - -10?
30231
In base 4, what is -110 + -30?
-200
In base 12, what is -1 - 15?
-16
In base 8, what is -253 - 3?
-256
In base 6, what is 15 + 1?
20
In base 12, what is 2 - 78?
-76
In base 5, what is -2131 + -4?
-2140
In base 7, what is 101 - 42?
26
In base 11, what is -256 + 1?
-255
In base 15, what is -ba4 + -4?
-ba8
In base 3, what is -21200 - -12?
-21111
In base 8, what is -3 - -137?
134
In base 6, what is -4220 - -1?
-4215
In base 11, what is 7a3 + 3?
7a6
In base 5, what is 22 + 14?
41
In base 16, what is -28 - 6?
-2e
In base 4, what is 11 - 203130?
-203113
In base 10, what is 64 - -5?
69
In base 11, what is -29 - 37a?
-3a8
In base 2, what is -101 + 111100101?
111100000
In base 6, what is 4 - -2?
10
In base 15, what is -42 - 2?
-44
In base 15, what is 162 - -4?
166
In base 11, what is -33 - -1?
-32
In base 5, what is -34344 + 2?
-34342
In base 7, what is 4 - -36?
43
In base 16, what is 30b + 7?
312
In base 9, what is 16 + -2?